Let t be 2 + (-1 - -1 - 2). Give g(t).
1
Let o(m) = -3*m + 4 + 5*m - m + 1 - 3*m. Give o(0).
5
Let f(p) = -p**3 + 13*p**2 - 11*p - 10. Let c be f(12). Let y(m) = -2*m**2 + 0*m - 4*m + m**c + 2. Give y(-4).
2
Let s(f) be the third derivative of -11*f**4/24 - f**3/3 + 4*f**2. Suppose 32 - 18 = 7*u. What is s(u)?
-24
Let f(y) be the third derivative of 11*y**2 - 1/30*y**5 + 0 - 1/120*y**6 + 0*y + 1/4*y**4 + 1/2*y**3. Give f(-4).
11
Let c(l) = 2*l**2 - 2*l - 3. Suppose 3*r + 4*b - 12 = 0, 3*r - b - b = -6. Let a = 8 - r. Let p = a - 5. Determine c(p).
9
Let o = 37/57 + 1/57. Let m(b) be the third derivative of 0*b + b**2 + 0 + o*b**3 + 1/24*b**4 + 1/120*b**6 - 1/15*b**5. Give m(3).
-2
Let p be ((-2)/(-5))/((-3)/(-15)). Suppose -2*f + 1 + 5 = 0. Suppose 0 = f*i + 4 + p. Let v(w) = 3*w + 3. Calculate v(i).
-3
Let o be (0 - 19) + -30 + 33. Let z(t) = -t + 1. What is z(o)?
17
Let c(f) = -244*f + 5 - 2 + 243*f. Give c(3).
0
Let v(z) be the second derivative of -z**3/6 + 4*z**2 + z - 105. Let x(q) = q**3 + 7*q**2 + 4*q - 4. Let i be x(-6). What is v(i)?
0
Let r(k) = -5*k**3 + 33*k**2 - 11*k - 83. Let p(x) = 3*x**3 - 16*x**2 + 6*x + 41. Let b(y) = 7*p(y) + 4*r(y). Calculate b(-20).
-5
Let r be (-34)/(-68)*(2 + -2)/3. Let j(k) be the second derivative of -5/2*k**2 + r - 1/2*k**4 - 1/20*k**5 - 4/3*k**3 + 8*k. Give j(-5).
10
Suppose 12 = 2*v + 2*v. Let x = v - 7. Let i(p) be the second derivative of p**3/6 - p**2/2 - 7*p. What is i(x)?
-5
Let c be 1 + 0 + 0 + -1. Suppose c*l = -l + 2. Let b(m) be the second derivative of -m**5/20 + m**4/12 + m**3/3 - 3*m**2/2 - 2389*m. Determine b(l).
-3
Let t(z) be the second derivative of -z**3/6 + 9*z**2 - 41*z. What is t(16)?
2
Let p(u) = u + 0*u - 5*u + u - 5 + u**2. Let s(h) = h**3 - 8*h**2 + h - 4. Let c be s(8). Calculate p(c).
-1
Suppose -6369*l - 12 = -6357*l. Let b(p) = -4*p**3 + 2*p**2 + p. Calculate b(l).
5
Let r(u) = u**3 - 5*u**2 + 3*u + 5. Suppose 3*k - 4*i - 28 = 0, i - 3 = -2*k + 1. Let v be 3/6*k/2. Let w be 4/(-7)*(v - 8). Calculate r(w).
1
Let t(h) = 6*h + 3 - 4*h - 2*h**2 - 4*h + h**2 + 0. Suppose -i + 2*r + 3 + 6 = 0, r = 3*i - 17. Calculate t(i).
-32
Let o be (-3)/27 - -142*(-2)/36. Let k(c) = c**2 + 7*c - 15. What is k(o)?
-7
Let s(v) = -28*v - 38. Let y(o) = 10*o + 13. Let t(i) = -6*s(i) - 17*y(i). Calculate t(5).
-3
Let w = 1776 + -1764. Let r(i) be the first derivative of -w - 1/4*i**4 - 7*i - 7/2*i**2 - 7/3*i**3. What is r(-6)?
-1
Let n(m) = 3*m - 1. Let k be (-18)/(-4) - 3/2. Suppose 5*r = k*r + 12. Suppose -3*c - 3*w + r = -6*w, -3*c + 2*w = -5. What is n(c)?
2
Let w be (-5)/((-2)/(-8)*4). Let f(n) = -9*n**3 + n**2 + 19*n - 4. Let p(j) = 5*j**3 - 10*j + 2. Let r(a) = -6*f(a) - 11*p(a). Calculate r(w).
-3
Let s(w) = w**2 - 31*w - 67. Let u be s(33). Let l(z) be the first derivative of -z**4 - 2*z**3/3 - z**2 - z + 15. What is l(u)?
3
Let g(c) = 4*c**3 + 4*c**2 + 22*c - 11. Let z(d) = -d**3 + d**2 - 2*d. Let f(o) = g(o) + 5*z(o). Calculate f(10).
9
Let o(z) = 5*z. Let y(j) be the first derivative of j**3/3 - 3*j - 2. Suppose 8 = -4*a - 2*x + 6*x, -x = -2*a. Let l be y(a). What is o(l)?
5
Let l(n) = -6*n - 32. Suppose -4*j - 4*s - 65 = -5*s, -2*s = -3*j - 45. Let p(d) = -2*d - 11. Let b(q) = j*p(q) + 6*l(q). Calculate b(-4).
3
Let z be -1 + -3 + (-6)/(-1). Suppose 3*y + z*y + 2*w + 17 = 0, -12 = 5*y - 3*w. Let t = y - -2. Let c(x) = -7*x + 1. What is c(t)?
8
Let m(b) be the third derivative of -b**5/20 - b**4/12 + b**3/3 + b**2. Let j = -50 + 8. Let o = -40 - j. Determine m(o).
-14
Let y be (-4)/(-8)*0/3. Let t(m) be the third derivative of y*m**3 + 0*m + 0 + 1/60*m**5 - 5/24*m**4 + m**2. Give t(4).
-4
Let k = 859 + -864. Let d(w) = -w + 5. Calculate d(k).
10
Let q(o) = -925*o - 5 - 931*o + 1857*o. Give q(-4).
-9
Let t(v) = -v**2 + 2*v + 3. Let z be t(3). Suppose f + f = z. Let k(w) = w - 3. Calculate k(f).
-3
Let p(k) = -k**3 - 7*k**2 + k + 10. Let a(z) = -39*z - 10. Let u be a(-6). Suppose u = 3*h + h. Suppose -14 = -6*s - h. Calculate p(s).
3
Let s(q) = -4*q - 17. Let z be s(-5). Let d(l) = l**3 - 16*l + 10*l - 4*l**2 + z*l - 7. Let k be (5/(-3))/(3/(-9)). What is d(k)?
3
Suppose -18*a + 2 = -17*a. Suppose 0 = 3*p + a*c + 9, -5*c = 4*p - 3 + 8. Let r(y) be the first derivative of -y**3/3 - 5*y**2/2 + 5*y + 5. What is r(p)?
5
Suppose 11*v + 15*v + 156 = 0. Let r(i) = 4*i + 8. Determine r(v).
-16
Let t(p) be the second derivative of -5*p + 1/6*p**3 + 0 + 5/2*p**2. Determine t(5).
10
Let m = -24 - -24. Let c(k) be the first derivative of k**4/12 - 5*k**2/2 + 2*k + 1. Let u(h) be the first derivative of c(h). What is u(m)?
-5
Suppose -14*v = 207 - 1803. Let i(q) = -v*q**3 - 9*q + 5*q**2 + 231*q**3 + 7 + 2 - 116*q**3. Calculate i(-7).
-26
Let l(w) = 2*w**3 + 17*w**2 + 7*w - 7. Let j = -406 - -398. Calculate l(j).
1
Let w(h) = 5*h - 10. Let r = -6 - -12. Let x(q) = -6 + 3 + r - 4*q + 6. Let y(i) = 3*w(i) + 4*x(i). Give y(4).
2
Let u = 1 - 1. Let b(j) = j**3 - 3*j**2 + 10*j + 3. Let m(s) = s**3 - 2*s**2 + 7*s + 4. Let c(d) = -2*b(d) + 3*m(d). Calculate c(u).
6
Let t(q) = -28 + 55 + 2*q - 36. Let g(d) = -1. Let w(b) = -2*g(b) + t(b). Suppose 15 = 5*n - 20. Determine w(n).
7
Let h(b) = 4*b**2 + 4*b. Let q be -7 + 1 + (-3 - -1). Let k = -11 - q. Let m(n) = -5*n**2 - 3*n. Let s(l) = k*h(l) - 4*m(l). Give s(1).
8
Let v be -4*-1*3/6. Let w = v + 5. Let r(s) = s**2 + s**3 - w*s + 6*s + 0*s**2. Give r(2).
10
Let v be (-81)/18 + (-28)/8 + 4. Let k be (-2)/8 + (-1)/(-4). Let t(i) = -i**3 + k - 3*i**2 + 3*i + 1 + 0*i**3 + 0. What is t(v)?
5
Let l(c) = 3*c**2 - 32*c + 45. Let o be l(9). Let v(h) = -h**2 + 3*h + 2. Determine v(o).
2
Suppose 4*c + 5*i = 34, 2*c = -519*i + 522*i + 28. Let v(o) = -o**3 + 12*o**2 - 6*o - 15. Calculate v(c).
40
Let k be -5*(2 - 9/3). Let z(p) = -k*p**2 - 1 + 0*p**2 + 3*p**2 - 3 + 5*p. Let j = 7 - 4. Give z(j).
-7
Let d(w) be the second derivative of 1/2*w**3 + 3/2*w**2 - 39*w + 0*w**4 - 1/20*w**5 + 0. Determine d(-2).
5
Let s(g) be the second derivative of -g**3/3 + 11*g**2/2 + 79*g - 1. Determine s(10).
-9
Suppose 0*g - 3*g - 4*o = -47, -5*g + 5*o = -20. Let y = g - 0. Let r(s) = y + 4*s**3 + 3 - 3 - 3*s**3. Determine r(0).
9
Let j(q) be the second derivative of -q**5/20 + 7*q**4/12 - 7*q**3/6 - 51*q. Calculate j(6).
-6
Let t(x) = 0*x + 2*x - x + 6 + 5*x - 12*x. Calculate t(1).
0
Let v = 96 - 94. Let s(k) = v + 2*k**2 - 12*k + 28*k - 14*k. Calculate s(-3).
14
Let i(n) be the second derivative of n**3/2 - n**2/2 - 89*n. What is i(1)?
2
Let j(i) = -i**3 - i**2 - 2*i - 1. Let o(w) = -3*w**3 - 8*w**2 - 12*w. Let f(v) = -4*j(v) + o(v). Let x(c) = 5*c**2 + c + 1. Let s be x(-1). What is f(s)?
9
Let x(c) = c**3 + 4*c**2 - 3*c - 3. Suppose 26*p + 18 = 32*p. Determine x(p).
51
Let t = -130 + 132. Let n be (0 + 1)/((-4)/(-16)). Let u(x) = -x + n*x**2 - 4 - 3*x**2 + 4 - 1. Calculate u(t).
1
Let m(z) = -z - 5. Let w be m(-7). Suppose n = w*n. Suppose n*b = o - 3*b - 7, -2*o - 18 = 2*b. Let v(h) = 2*h + 6. Calculate v(o).
-4
Let a be 3318/24 - (9/(-12) - -1). Let d(l) = 135 - 280 + a - l. Determine d(0).
-7
Let j(g) = -g**3 + 5*g**2 - 2*g - 1. Let c(y) = y + 15. Let b be c(-15). Let h(o) = -o**2 + o + 15. Let p be h(b). Let d be 3*(p/9 - 0). Calculate j(d).
-11
Let m(h) = 20*h**3 - 29*h**2 + 22*h - 21. Let n(x) = 11*x**3 - 15*x**2 + 11*x - 10. Let w(y) = -6*m(y) + 11*n(y). Give w(-10).
26
Let n = -973 - -973. Let x(w) = w**3 - 4*w**2 - 5*w + 10. Let o(b) = -b**3 + 3*b**2 + 4*b - 9. Let g(i) = -5*o(i) - 4*x(i). Determine g(n).
5
Let m(o) be the second derivative of o**5/20 - o**4/4 - o**3/2 - 5*o**2/2 - 105*o. Determine m(4).
-1
Let i(u) be the third derivative of 0 + 2/3*u**3 + 0*u + 1/6*u**4 - 1/60*u**5 - 24*u**2. Give i(5).
-1
Let q(u) = u + 20. Let n be q(-19). Let v(w) = -w - 2. What is v(n)?
-3
Let d(s) = s**3 - 4*s**2 - s + 3. Suppose -244*p + 233*p = -22. Determine d(p).
-7
Suppose 2*j = 5*q - 1, -3*q + 3 - 6 = -3*j. Let g(y) = 6*y + 2*y**2 + 3 - q + 1. Suppose -b - 12 = 4*k - 5*b, -3*k = -2*b + 10. Give g(k).
11
Suppose -n + 6 = -0*n. Suppose -3*h = -0*h - 39. Let y(p) = p**2 + 2*p + 5 - h*p + 4*p. What is y(n)?
-1
Let n(g) be the first derivative of g**6/120 - g**4/24 + g**3/6 - g**2 - 35. Let t(p) be the second derivative of n(p). What is t(-2)?
-5
Let l(s) = -s**2 - 2. Let q(j) = 